{"id":93,"date":"2023-02-27T11:40:02","date_gmt":"2023-02-27T10:40:02","guid":{"rendered":"https:\/\/www.ysa-bel.com\/?page_id=93"},"modified":"2023-03-04T11:25:07","modified_gmt":"2023-03-04T10:25:07","slug":"spectacles-pour-enfants","status":"publish","type":"page","link":"https:\/\/www.ysa-bel.com\/index.php\/spectacles-pour-enfants\/","title":{"rendered":"Spectacles musicaux pour enfants"},"content":{"rendered":"\n<p class=\"has-text-align-left\">Je propose des spectacles musicaux pour enfants \u00e0 la fois ludiques et p\u00e9dagogiques m\u00ealant mes deux passions: la musique et le th\u00e9\u00e2tre. Voici quelques exemples de spectacles d\u00e9j\u00e0 cr\u00e9\u00e9s mais je suis toujours tr\u00e8s heureuse de pr\u00e9voir des prestations \u00e0 la demande \u00e0 partir d&#8217;un th\u00e8me donn\u00e9.<\/p>\n\n\n\n<h2 class=\"wp-block-heading\">De conte \u00e0 conte (40 min., 3-6 ans)<\/h2>\n\n\n\n<p>Apr\u00e8s avoir ouvert un livre, Ysabel se retrouve projet\u00e9e au pays des contes o\u00f9 les enfants viennent lorsqu&#8217;ils sont endormis. Heureuse de se retrouver dans ce lieu magique, elle partage avec les enfants ses souvenirs de contes musicaux.<\/p>\n\n\n\n<figure class=\"wp-block-embed is-type-video is-provider-youtube wp-block-embed-youtube wp-embed-aspect-16-9 wp-has-aspect-ratio\"><div class=\"wp-block-embed__wrapper\">\n<iframe loading=\"lazy\" title=\"&quot;De conte en conte&quot; spectacle musical pour enfants (3-6 ans) propos\u00e9 par Ysabel\" width=\"640\" height=\"360\" src=\"https:\/\/www.youtube.com\/embed\/ifpIbhM1h4U?feature=oembed\" frameborder=\"0\" allow=\"accelerometer; autoplay; clipboard-write; encrypted-media; gyroscope; picture-in-picture; web-share\" referrerpolicy=\"strict-origin-when-cross-origin\" allowfullscreen><\/iframe>\n<\/div><\/figure>\n\n\n\n<h2 class=\"wp-block-heading\">Voyage dans les temps modernes (45 min \u00e0 1h, 6-10 ans)<\/h2>\n\n\n\n<p>Lors d&#8217;un voyage dans le temps, les enfants d\u00e9couvrent les temps forts de la p\u00e9riode des temps moderne, et les personnes embl\u00e9matiques de cette p\u00e9riode tels que Christophe Colomb, Copernic, Louis XIV ou Louis XVI. Ponctu\u00e9 de chansons, ce voyage se r\u00e9v\u00e9lera ludique et p\u00e9dagogique .<\/p>\n\n\n\n<figure class=\"wp-block-embed is-type-video is-provider-youtube wp-block-embed-youtube wp-embed-aspect-16-9 wp-has-aspect-ratio\"><div class=\"wp-block-embed__wrapper\">\n<iframe loading=\"lazy\" title=\"&quot;Voyage dans les temps modernes&quot; spectacle musical pour enfants (6-10 ans)\" width=\"640\" height=\"360\" src=\"https:\/\/www.youtube.com\/embed\/SoFuVWc8_iQ?feature=oembed\" frameborder=\"0\" allow=\"accelerometer; autoplay; clipboard-write; encrypted-media; gyroscope; picture-in-picture; web-share\" referrerpolicy=\"strict-origin-when-cross-origin\" allowfullscreen><\/iframe>\n<\/div><\/figure>\n","protected":false},"excerpt":{"rendered":"<p>Je propose des spectacles musicaux pour enfants \u00e0 la fois ludiques et p\u00e9dagogiques m\u00ealant mes deux passions: la musique et le th\u00e9\u00e2tre. Voici quelques exemples de spectacles d\u00e9j\u00e0 cr\u00e9\u00e9s mais je suis toujours tr\u00e8s heureuse de pr\u00e9voir des prestations \u00e0 la demande \u00e0 partir d&#8217;un th\u00e8me donn\u00e9. De conte \u00e0 conte (40 min., 3-6 ans)&hellip;<\/p>\n","protected":false},"author":1,"featured_media":0,"parent":0,"menu_order":0,"comment_status":"closed","ping_status":"closed","template":"","meta":{"footnotes":""},"class_list":["post-93","page","type-page","status-publish","hentry"],"_links":{"self":[{"href":"https:\/\/www.ysa-bel.com\/index.php\/wp-json\/wp\/v2\/pages\/93","targetHints":{"allow":["GET"]}}],"collection":[{"href":"https:\/\/www.ysa-bel.com\/index.php\/wp-json\/wp\/v2\/pages"}],"about":[{"href":"https:\/\/www.ysa-bel.com\/index.php\/wp-json\/wp\/v2\/types\/page"}],"author":[{"embeddable":true,"href":"https:\/\/www.ysa-bel.com\/index.php\/wp-json\/wp\/v2\/users\/1"}],"replies":[{"embeddable":true,"href":"https:\/\/www.ysa-bel.com\/index.php\/wp-json\/wp\/v2\/comments?post=93"}],"version-history":[{"count":4,"href":"https:\/\/www.ysa-bel.com\/index.php\/wp-json\/wp\/v2\/pages\/93\/revisions"}],"predecessor-version":[{"id":189,"href":"https:\/\/www.ysa-bel.com\/index.php\/wp-json\/wp\/v2\/pages\/93\/revisions\/189"}],"wp:attachment":[{"href":"https:\/\/www.ysa-bel.com\/index.php\/wp-json\/wp\/v2\/media?parent=93"}],"curies":[{"name":"wp","href":"https:\/\/api.w.org\/{rel}","templated":true}]}}

<p class="has-text-align-left">Je propose des spectacles musicaux pour enfants à la fois ludiques et pédagogiques mêlant mes deux passions: la musique et le théâtre. Voici quelques exemples de spectacles déjà créés mais je suis toujours très heureuse de prévoir des prestations à la demande à partir d&#8217;un thème donné.</p>



<h2 class="wp-block-heading">De conte à conte (40 min., 3-6 ans)</h2>



<p>Après avoir ouvert un livre, Ysabel se retrouve projetée au pays des contes où les enfants viennent lorsqu&#8217;ils sont endormis. Heureuse de se retrouver dans ce lieu magique, elle partage avec les enfants ses souvenirs de contes musicaux.</p>



<figure class="wp-block-embed is-type-video is-provider-youtube wp-block-embed-youtube wp-embed-aspect-16-9 wp-has-aspect-ratio"><div class="wp-block-embed__wrapper">
<iframe loading="lazy" title="&quot;De conte en conte&quot; spectacle musical pour enfants (3-6 ans) proposé par Ysabel" width="640" height="360" src="https://www.youtube.com/embed/ifpIbhM1h4U?feature=oembed" frameborder="0" allow="accelerometer; autoplay; clipboard-write; encrypted-media; gyroscope; picture-in-picture; web-share" referrerpolicy="strict-origin-when-cross-origin" allowfullscreen></iframe>
</div></figure>



<h2 class="wp-block-heading">Voyage dans les temps modernes (45 min à 1h, 6-10 ans)</h2>



<p>Lors d&#8217;un voyage dans le temps, les enfants découvrent les temps forts de la période des temps moderne, et les personnes emblématiques de cette période tels que Christophe Colomb, Copernic, Louis XIV ou Louis XVI. Ponctué de chansons, ce voyage se révélera ludique et pédagogique .</p>



<figure class="wp-block-embed is-type-video is-provider-youtube wp-block-embed-youtube wp-embed-aspect-16-9 wp-has-aspect-ratio"><div class="wp-block-embed__wrapper">
<iframe loading="lazy" title="&quot;Voyage dans les temps modernes&quot; spectacle musical pour enfants (6-10 ans)" width="640" height="360" src="https://www.youtube.com/embed/SoFuVWc8_iQ?feature=oembed" frameborder="0" allow="accelerometer; autoplay; clipboard-write; encrypted-media; gyroscope; picture-in-picture; web-share" referrerpolicy="strict-origin-when-cross-origin" allowfullscreen></iframe>
</div></figure>

<p>Je propose des spectacles musicaux pour enfants à la fois ludiques et pédagogiques mêlant mes deux passions: la musique et le théâtre. Voici quelques exemples de spectacles déjà créés mais je suis toujours très heureuse de prévoir des prestations à la demande à partir d&#8217;un thème donné. De conte à conte (40 min., 3-6 ans)&hellip;</p>
